r when 4358119 is divided by 1299?
1273
Calculate the remainder when 544825 is divided by 3976.
113
What is the remainder when 135836 is divided by 51?
23
What is the remainder when 4204993 is divided by 511?
485
Calculate the remainder when 37368461 is divided by 16.
13
Calculate the remainder when 194934079 is divided by 2528.
2527
Calculate the remainder when 1806444 is divided by 222.
30
Calculate the remainder when 244883 is divided by 122152.
579
Calculate the remainder when 296246 is divided by 56.
6
What is the remainder when 70768 is divided by 7066?
108
What is the remainder when 19263124 is divided by 36?
28
What is the remainder when 69460546 is divided by 738?
724
What is the remainder when 5703565 is divided by 2234?
163
Calculate the remainder when 89874 is divided by 20970.
5994
Calculate the remainder when 1158942 is divided by 6440.
6182
What is the remainder when 90686 is divided by 3420?
1766
Calculate the remainder when 26441456 is divided by 151.
148
Calculate the remainder when 132694 is divided by 132582.
112
What is the remainder when 386945 is divided by 96602?
537
Calculate the remainder when 201095 is divided by 28727.
6
Calculate the remainder when 12026053 is divided by 2372.
13
Calculate the remainder when 2305722 is divided by 110.
12
What is the remainder when 1217193 is divided by 188?
81
Calculate the remainder when 1612965 is divided by 2631.
162
Calculate the remainder when 1624024 is divided by 214.
192
What is the remainder when 12312 is divided by 842?
524
Calculate the remainder when 17406571 is divided by 621660.
91
Calculate the remainder when 3237359 is divided by 20.
19
What is the remainder when 21182833 is divided by 2356?
37
What is the remainder when 2202653 is divided by 200196?
497
Calculate the remainder when 22041 is divided by 3845.
2816
What is the remainder when 224880 is divided by 2627?
1585
What is the remainder when 263952 is divided by 534?
156
What is the remainder when 6511 is divided by 2633?
1245
What is the remainder when 64890 is divided by 2270?
1330
What is the remainder when 175500 is divided by 1350?
0
Calculate the remainder when 7161738 is divided by 5101.
5035
What is the remainder when 943914 is divided by 314636?
6
What is the remainder when 542479 is divided by 967?
959
Calculate the remainder when 838609 is divided by 842.
819
What is the remainder when 677937 is divided by 677869?
68
What is the remainder when 218653 is divided by 493?
254
What is the remainder when 95532 is divided by 218?
48
Calculate the remainder when 2786534 is divided by 38.
32
Calculate the remainder when 1474097 is divided by 737043.
11
Calculate the remainder when 7742354 is divided by 1321.
1294
Calculate the remainder when 8753535 is divided by 45121.
61
Calculate the remainder when 37085 is divided by 4713.
4094
What is the remainder when 16763835 is divided by 1676381?
25
Calculate the remainder when 8803799 is divided by 3.
2
Calculate the remainder when 31276 is divided by 30368.
908
What is the remainder when 7522748 is divided by 3339?
3320
What is the remainder when 309798 is divided by 234?
216
Calculate the remainder when 282301 is divided by 11.
8
Calculate the remainder when 837795 is divided by 837398.
397
What is the remainder when 4065543 is divided by 2240?
2183
Calculate the remainder when 43677412 is divided by 2502.
2500
Calculate the remainder when 7553794 is divided by 1510744.
74
Calculate the remainder when 497725 is divided by 3073.
2972
Calculate the remainder when 13441841 is divided by 53.
34
What is the remainder when 144004 is divided by 3195?
229
Calculate the remainder when 464379 is divided by 373.
367
Calculate the remainder when 136068 is divided by 903.
618
What is the remainder when 3771586 is divided by 50287?
61
Calculate the remainder when 20486952 is divided by 10243469.
14
What is the remainder when 210452 is divided by 9300?
5852
What is the remainder when 525875 is divided by 1203?
164
Calculate the remainder when 900733 is divided by 7728.
4285
Calculate the remainder when 427200 is divided by 5852.
4
What is the remainder when 1887700 is divided by 853?
11
What is the remainder when 183520 is divided by 2303?
1583
What is the remainder when 9685748 is divided by 802?
796
What is the remainder when 118957 is divided by 528?
157
Calculate the remainder when 121730 is divided by 483.
14
What is the remainder when 115730 is divided by 38528?
146
What is the remainder when 15971444 is divided by 268?
252
Calculate the remainder when 14165582 is divided by 4.
2
What is the remainder when 25259177 is divided by 8419698?
83
What is the remainder when 5623781 is divided by 2423?
2421
Calculate the remainder when 5037035 is divided by 119.
3
Calculate the remainder when 298716 is divided by 292.
0
Calculate the remainder when 27997243 is divided by 1814.
1781
Calculate the remainder when 23076 is divided by 6915.
2331
Calculate the remainder when 606899 is divided by 11.
7
What is the remainder when 87184 is divided by 43580?
24
What is the remainder when 679997 is divided by 3506?
3339
Calculate the remainder when 14237725 is divided by 290.
175
What is the remainder when 4064303 is divided by 244?
239
Calculate the remainder when 2088243 is divided by 694.
691
Calculate the remainder when 79489 is divided by 754.
319
What is the remainder when 4166976 is divided by 378816?
0
What is the remainder when 19584238 is divided by 156?
154
What is the remainder when 444772 is divided by 444364?
408
What is the remainder when 1285566 is divided by 642728?
110
What is the remainder when 5186282 is divided by 1037256?
2
What is the remainder when 9137306 is divided by 98?
80
What is the remainder when 82528158 is divided by 4576?
4574
Calculate the remainder when 2838424 is divided by 2838348.
76
Calculate the remainder when 572798 is divided by 286083.
632
Calculate the remainder when 8029 is divided by 86.
31
Calculate the remainder when 1518994 is divided by 1172.
82
What is the remainder when 27364095 is divided by 19644?
3
What is the remainder when 2380344 is divided by 1300?
44
Calculate the remainder when 427767 is divided by 333.
195
Calculate the remainder when 1230768 is divided by 410223.
99
What is the remainder when 10434933 is divided by 560?
453
What is the remainder when 4405746 is divided by 4879?
9
Calculate the remainder when 27135269 is divided by 30.
29
Calculate the remainder when 22443 is divided by 719.
154
Calculate the remainder when 4707710 is divided by 81.
71
Calculate the remainder when 4810778 is divided by 98.
56
What is the remainder when 42738 is divided by 21340?
58
Calculate the remainder when 2353131 is divided by 11.
0
Calculate the remainder when 26587120 is divided by 6646777.
12
Calculate the remainder when 140623 is divided by 8787.
31
Calculate the remainder when 15152434 is divided by 26.
24
Calculate the remainder when 28545413 is divided by 142.
5
What is the remainder when 933914 is divided by 527?
70
What is the remainder when 3257 is divided by 314?
117
What is the remainder when 827684 is divided by 20182?
222
Calculate the remainder when 205985 is divided by 15793.
676
Calculate the remainder when 66726862 is divided by 236.
222
What is the remainder when 366957 is divided by 695?
692
Calculate the remainder when 1317677 is divided by 439156.
209
Calculate the remainder when 129211 is divided by 21531.
25
What is the remainder when 215276 is divided by 1810?
1696
Calculate the remainder when 362300 is divided by 3631.
2831
Calculate the remainder when 10717688 is divided by 564.
560
Calculate the remainder when 17413659 is divided by 96.
27
Calculate the remainder when 20079096 is divided by 62.
24
Calculate the remainder when 85261 is divided by 4679.
1039
What is the remainder when 74035 is divided by 14804?
15
What is the remainder when 22140 is divided by 322?
244
What is the remainder when 482066 is divided by 186?
140
What is the remainder when 1806933 is divided by 248?
5
What is the remainder when 19904955 is divided by 23?
19
What is the remainder when 54483713 is divided by 631?
18
What is the remainder when 428392 is divided by 2247?
1462
Calculate the remainder when 4713988 is divided by 4176.
3